rime factors of (l/6)/(2*(-4)/852).
2, 71
Suppose -42 - 1088 = -10*w. What are the prime factors of w?
113
Suppose s - 5*v + 85 = -v, 0 = s + v + 95. List the prime factors of (1 + s)*(35/(-28) - -1).
23
Suppose 3*a = -4*j + 437, 4*a + 3*j - 39 = 553. Let z = a - 90. What are the prime factors of z?
61
List the prime factors of (258/(-5))/((8/10)/(-2)).
3, 43
Let l be -2 - ((-2 - 10) + -4). Let d be 93/(-9) - 1/(-3). Let p = d + l. List the prime factors of p.
2
Let v be -1 - ((-3)/1 - 5). Let f(i) = -i**3 + 9*i**2 - 8*i - 5. List the prime factors of f(v).
37
Let g(c) = -2*c + 8. Let r(i) = -i**3 - 5*i**2 - 3*i. Let q(w) = w**3 + 12*w**2 - 2. Let b be q(-12). Let t be r(b). List the prime factors of g(t).
2, 5
Suppose -4*l - 4*k = -2460, -k = 2*l + 3*k - 1226. What are the prime factors of l?
617
Let o(i) = -2*i - 7. Let p be o(-4). Let d be p/(4 - 58/14). Let w(k) = -4*k - 3. What are the prime factors of w(d)?
5
Suppose -9*q - 5478 = -42*q. List the prime factors of q.
2, 83
Let d(p) = 2*p**2 + 8*p + 2. Let n be d(-4). Let h = 114 + n. What are the prime factors of h?
2, 29
Suppose -5*h + x + 333 = 0, 3*x + 195 = 3*h - 0*x. Suppose -2*y + 287 = h. What are the prime factors of y?
2, 5, 11
Suppose -30*o = -2323 - 227. What are the prime factors of o?
5, 17
Let w(b) = -10*b**2. Let i be 2/7 + (-10)/(-14). Let r be w(i). Let v = 13 + r. What are the prime factors of v?
3
What are the prime factors of (-38)/(-19)*(1 + 306 + -3)?
2, 19
Let h = 777 - 727. Suppose -4*l - 3*k = -2*k - 16, 2*l + 5*k + 10 = 0. Suppose -2*f = 5*w + f - 40, f = -l*w + h. List the prime factors of w.
11
Let w be (441/9)/(0 + -1). Let b be -1*166/2*1. Let s = w - b. List the prime factors of s.
2, 17
Suppose -x + 2*x = 20. Let w = x - -5. Suppose 4*m - w - 55 = 0. List the prime factors of m.
2, 5
List the prime factors of 1 + 21003/21 + (-1)/7.
7, 11, 13
Let n = 9 - 4. Suppose 4*r = 4*j, 4*j + 4 + 0 = n*r. Suppose r*v - 11 = 5*q + 76, q - 93 = -4*v. List the prime factors of v.
23
Let n(b) = 7*b**2 + 4*b + 1. Let p be n(-2). Suppose 0 = d - p - 118. Let q = d + -88. What are the prime factors of q?
3, 17
Let j(n) = -4*n + 12. Let w(v) = -v**2 - 6 + 11*v - 2 - 4 + 4. Let f be w(11). What are the prime factors of j(f)?
2, 11
Let a(n) = -2*n - 2. Let t be a(-1). Let v(d) = -d**3 + 5*d**2 + 7*d - 2. Let g be v(6). Suppose t = g*b + 4, u = -b + 1 + 9. What are the prime factors of u?
11
Suppose 0*n = 3*n - 33. Let f(l) be the first derivative of l**2/2 - 8*l - 10. What are the prime factors of f(n)?
3
Let b(a) = -1032*a**3 - a**2 + 6*a + 6. List the prime factors of b(-1).
1031
Let c(l) = -l - 4. Let y be c(-6). Suppose -80 = -4*d - z + 116, -y*d - 5*z = -116. List the prime factors of d.
2, 3
Let m(d) = 3*d - 61. Let s be m(21). List the prime factors of -222*(35/(-15) + s).
2, 37
Let q(h) = 391*h - 2. What are the prime factors of q(1)?
389
Let n(q) = q**3 - 18*q**2 - 40*q + 4. Let d be n(20). Let r be 145/3 - 2/6. Suppose 0 = -v + d*v - r. What are the prime factors of v?
2
What are the prime factors of (36/(-27)*6)/(4/(-142))?
2, 71
Suppose 287*c = 288*c - 318. What are the prime factors of c?
2, 3, 53
Let u = -86 + 25. List the prime factors of 3 + (-1 - (2 + u)).
61
Let r = -100 + 132. What are the prime factors of r?
2
Suppose -2*q - q + 130 = -2*o, -4*o - 76 = -2*q. Suppose -61 = -2*i - z, -i = i - 4*z - q. List the prime factors of i.
29
Let p(q) = 17*q + 3. Let d(i) = -26*i - 4. Let f(h) = -5*d(h) - 8*p(h). Let r be f(-3). What are the prime factors of (-16 + 22)*r/6?
2, 7
Let y be 18/(-8)*4/(-3). Suppose -y*x = -2*n + 525, -4*n + 8*n = 5*x + 1049. List the prime factors of n.
3, 29
Suppose 395 = 62*x - 70533. What are the prime factors of x?
2, 11, 13
Let o = 186 + 202. List the prime factors of o.
2, 97
Suppose -21 = -30*o + 23*o. Suppose 0*m - m - o*j + 207 = 0, -5*m + 996 = 2*j. What are the prime factors of m?
2, 3, 11
Let s(i) = 29*i**3 - 3*i**2 + 3*i - 1. Suppose -x = 3*x - b, -3*b = x - 13. What are the prime factors of s(x)?
2, 7
What are the prime factors of 15/2*(-4)/5*-51?
2, 3, 17
Let h(n) = -n**3 - n**2 + 2. Let r be h(0). What are the prime factors of -1 - ((-42)/r)/3?
2, 3
Let q(b) = 13*b + 59 - 70 + 25*b. List the prime factors of q(6).
7, 31
Let i(c) = 19*c - 11. Let x be i(6). Suppose x = 4*a - 1. What are the prime factors of 4/(-26) - (-186)/a?
7
Let s be 3 + 2 - -2*(-2)/2. Suppose 5*c + 4*q = 424, 0 = s*q - 3. List the prime factors of c.
2, 3, 7
Suppose -3*g - 5*b + 5442 = 0, -4*g + 5421 = -g - 2*b. List the prime factors of g.
3, 67
Suppose -u = 3*f - 4*u - 39, 2*f + 3*u - 41 = 0. Suppose -f*m + 11*m + 455 = 0. List the prime factors of m.
7, 13
Suppose v - 4*h = 2 + 18, -h = 5*v - 16. Let x(u) = -u**2 + v*u - u + 2*u - 2 + 3*u. List the prime factors of x(7).
5
Suppose -2*d = -5*g + 2*d + 240, 235 = 5*g - 3*d. Suppose 49*x - 250 = g*x. List the prime factors of x.
2, 5
Suppose 0 = -5*h + 16 + 49. Let z = -22 + h. What are the prime factors of (-8)/36 + (-137)/z?
3, 5
Let t = -72 - -571. What are the prime factors of t?
499
Suppose 2*r + 480 = 4*w + 108, -3*w + 5*r + 272 = 0. Suppose 0 = y - 5 - w. What are the prime factors of y?
3, 11
Let v = -175 + 593. List the prime factors of v.
2, 11, 19
Suppose -5*a + 13423 = 4*o, a - 5*o - 2512 - 161 = 0. What are the prime factors of a?
2683
Suppose -2*m + 115 = -275. Suppose m = -10*v + 13*v. Let c = 112 - v. List the prime factors of c.
47
Let q = -207 - -1699. What are the prime factors of q?
2, 373
Let v(l) = -l**2 - 13*l + 1. Suppose 0 = w + 3*x - 21, x = 4*w - 94 - 55. Suppose -2*y = y + w. What are the prime factors of v(y)?
13
Let s(a) = 5*a + 2. Let m(c) = -1. Let x(r) = 3*m(r) + s(r). Let k be x(-5). Let q = k + 44. What are the prime factors of q?
2, 3
Suppose 2*k - 260 = -3*d, -d + 2*k + 160 = d. List the prime factors of d.
2, 3, 7
Let o = 139 - -48. List the prime factors of o.
11, 17
Suppose 4*k + 208 = 8*k. Suppose 2*s - k = -5*b + 193, -4*b + 196 = 5*s. List the prime factors of b.
7
Suppose 5*p - g + 1 = 0, 2 = -4*p + 4*g - 2. Suppose -y + 111 + 20 = p. List the prime factors of y.
131
Let c(s) = -s + s**3 - s - 4 + 4*s - 3*s**2. Suppose 3*d + 2*i = 10, -2*d - 19*i + 21*i = -10. List the prime factors of c(d).
2, 5
Let u = 10 - 7. Suppose -2*k - 198 = -2*o - 5*k, u*o - 297 = -4*k. List the prime factors of o.
3, 11
Let n(g) = -17*g**3 - 2*g**2 + 3*g + 6. Let t(l) = -9*l**3 - l**2 + 2*l + 3. Let c(b) = 3*n(b) - 5*t(b). List the prime factors of c(-2).
7
Suppose -3*w = 0, 0 = b - 0*w + 3*w - 805. What are the prime factors of b?
5, 7, 23
Let a = -1 - -7. Let k(i) = i**2 - 8*i + 12. Let y(p) = p - 1. Let c(s) = k(s) + 3*y(s). List the prime factors of c(a).
3, 5
Let r be 4 + (-158)/(-6) + 1/(-3). What are the prime factors of (-105)/r*(-452)/7?
2, 113
Suppose 0*j - 5*j - 3*s + 137 = 0, 55 = 3*j - 5*s. Let f = j + -15. Suppose -f*a = -7*a - 120. What are the prime factors of a?
2, 5
Suppose c - 9 = -5. Suppose 5*z - 103 = c*z. What are the prime factors of z?
103
Suppose x = -5*h + 20, -5*x + x - 2*h + 8 = 0. Let j = 4 + 1. Suppose q + 3*q - j*y - 30 = x, 31 = 5*q - 3*y. What are the prime factors of q?
5
Let w(o) = -o**3 - o**2 - 2*o + 9. Let h be w(6). Let d = h + 138. Let j = d - -171. What are the prime factors of j?
2, 3
Let b = 95 - 11. Suppose 2*d = -d + b. What are the prime factors of d?
2, 7
Let o(d) = 2*d**2 - 14*d - 29. What are the prime factors of o(-9)?
7, 37
Let n = 10 + -8. Suppose -u = -2*w + 3*w, -12 = -5*w - n*u. What are the prime factors of w - (-2 - -5 - 32)?
3, 11
Let i(a) = 48*a + 47. What are the prime factors of i(10)?
17, 31
List the prime factors of ((-48)/40)/(1*1/(-250)).
2, 3, 5
Suppose 403*z = 390*z + 21073. What are the prime factors of z?
1621
Let p(x) = 2*x**3 + 19*x**2 + 7*x - 2. Let y be p(-8). Let w = -91 + y. List the prime factors of w.
43
Let s = 16 + 180. List the prime factors of s.
2, 7
Suppose 0 = -21*g + 49544 - 5801. List the prime factors of g.
2083
Let l be -7 - -3 - (-6 - 3). Suppose l*w + 5*o = w + 27, -o = -5*w + 12. Let f = 49 - w. List the prime factors of f.
2, 23
Let t = -476 + 991. What are the prime factors of t?
5, 103
Suppose -182 = 3*y - 1673. Let d = y - 225. What are the prime factors of d?
2, 17
Let p = -304 - -443.